factors of 217197597?
3, 72399199
What are the prime factors of 58511022?
2, 3, 173, 56369
List the prime factors of 668059575.
3, 5, 163, 54647
What are the prime factors of 15955451?
43, 371057
What are the prime factors of 168272617?
168272617
List the prime factors of 206614726.
2, 47, 2198029
List the prime factors of 3706877068.
2, 926719267
List the prime factors of 379480250.
2, 5, 1517921
List the prime factors of 33990382.
2, 43, 79, 5003
What are the prime factors of 3476257?
3476257
List the prime factors of 2147982.
2, 3, 357997
List the prime factors of 2803026546.
2, 3, 211, 82003
What are the prime factors of 74652702?
2, 3, 12442117
List the prime factors of 54102181.
7, 61, 126703
What are the prime factors of 37699921?
7, 23, 234161
What are the prime factors of 30416513?
30416513
What are the prime factors of 2039315380?
2, 5, 29, 3516061
List the prime factors of 228511602.
2, 3, 11, 31, 59, 631
What are the prime factors of 278073859?
7, 39724837
List the prime factors of 2998831819.
10463, 286613
List the prime factors of 18207029.
18207029
What are the prime factors of 1539372356?
2, 384843089
List the prime factors of 121905837.
3, 317, 14243
List the prime factors of 739028668.
2, 7, 26393881
List the prime factors of 777503243.
11, 70682113
List the prime factors of 1687685342.
2, 7, 17221279
What are the prime factors of 215214353?
215214353
What are the prime factors of 2600720378?
2, 1300360189
List the prime factors of 1581533645.
5, 59, 5361131
What are the prime factors of 932771175?
3, 5, 7, 89, 19963
What are the prime factors of 22720158?
2, 3, 1262231
List the prime factors of 471763721.
11, 13, 233, 14159
What are the prime factors of 303070664?
2, 13, 47, 62003
What are the prime factors of 360508634?
2, 180254317
List the prime factors of 2014275640.
2, 5, 13, 79, 49033
List the prime factors of 733735210.
2, 5, 13, 59, 271, 353
List the prime factors of 1623717.
3, 180413
List the prime factors of 1357720163.
3407, 398509
List the prime factors of 1126404444.
2, 3, 11, 47, 3863
List the prime factors of 25597802.
2, 12798901
What are the prime factors of 39086700?
2, 3, 5, 113, 1153
List the prime factors of 277337586.
2, 3, 2213, 20887
List the prime factors of 3314161848.
2, 3, 138090077
List the prime factors of 736579192.
2, 92072399
What are the prime factors of 39613488?
2, 3, 825281
What are the prime factors of 179601952?
2, 229, 24509
List the prime factors of 40352285.
5, 8070457
List the prime factors of 192061926.
2, 3, 7, 31, 49171
List the prime factors of 73179059.
431, 169789
What are the prime factors of 4077374150?
2, 5, 41, 1988963
List the prime factors of 2000828431.
7, 2689, 106297
List the prime factors of 4307364.
2, 3, 39883
List the prime factors of 2046623523.
3, 7, 17, 818977
List the prime factors of 1551572190.
2, 3, 5, 7, 2462813
What are the prime factors of 100667837?
100667837
What are the prime factors of 164120269?
7993, 20533
What are the prime factors of 231391067?
231391067
List the prime factors of 16063821.
3, 23, 71, 1093
What are the prime factors of 3236568994?
2, 1618284497
List the prime factors of 377034413.
7, 53862059
List the prime factors of 59810697.
3, 2215211
What are the prime factors of 202175912?
2, 25271989
What are the prime factors of 4230927579?
3, 23, 61317791
List the prime factors of 10590378.
2, 3, 1765063
What are the prime factors of 44162707?
19, 2324353
What are the prime factors of 231819765?
3, 5, 29, 532919
List the prime factors of 2647548671.
5099, 519229
List the prime factors of 158359447.
3319, 47713
List the prime factors of 133728853.
83, 443, 3637
List the prime factors of 6534396045.
3, 5, 9479, 15319
What are the prime factors of 4796477026?
2, 11, 19820153
List the prime factors of 2682290.
2, 5, 13, 47, 439
List the prime factors of 195271576.
2, 107, 157, 1453
What are the prime factors of 623071398?
2, 3, 127, 817679
List the prime factors of 424677545.
5, 84935509
What are the prime factors of 265851671?
29, 43, 213193
List the prime factors of 33988192.
2, 7, 151733
List the prime factors of 2367126013.
7, 67, 71, 1061
What are the prime factors of 1073065494?
2, 3, 151, 1184399
List the prime factors of 64679914.
2, 13, 19, 311, 421
What are the prime factors of 6120736?
2, 19, 10067
List the prime factors of 1041343330.
2, 5, 17, 101, 60649
List the prime factors of 64589971.
613, 105367
List the prime factors of 367707850.
2, 5, 37, 198761
What are the prime factors of 1140888307?
13, 19, 61, 75721
What are the prime factors of 1194110045?
5, 877, 272317
What are the prime factors of 132763225?
5, 7, 197, 3851
What are the prime factors of 86892264?
2, 3, 134093
List the prime factors of 76681203.
3, 17, 127, 11839
List the prime factors of 98937.
3, 10993
What are the prime factors of 157598784?
2, 3, 7, 43, 101
List the prime factors of 313828390.
2, 5, 31382839
List the prime factors of 11852184.
2, 3, 29, 17029
What are the prime factors of 600311344?
2, 17, 1259, 1753
What are the prime factors of 5854225?
5, 13, 18013
What are the prime factors of 171691010?
2, 5, 17169101
List the prime factors of 2244817610.
2, 5, 7, 137, 149, 1571
List the prime factors of 288531.
3, 32059
What are the prime factors of 676124473?
29, 251, 3203
List the prime factors of 1049067921.
3, 11, 2017, 15761
What are the prime factors of 2895945498?
2, 3, 59, 2726879
List the prime factors of 371777168.
2, 7, 3319439
What are the prime factors of 110874236?
2, 11, 277, 827
What are the prime factors of 331705264?
2, 11, 23, 81943
List the prime factors of 417246033.
3, 139082011
List the prime factors of 94527384.
2, 3, 7, 562663
List the prime factors of 423548595.
3, 5, 1045799
List the prime factors of 206934010.
2, 5, 4549
List the prime factors of 74062461.
3, 11, 23, 97579
What are the prime factors of 462754078?
2, 2389, 96851
List the prime factors of 23694428.
2, 769, 7703
What are the prime factors of 550608808?
2, 43, 1600607
List the prime factors of 120016050.
2, 3, 5, 7, 11, 10391
List the prime factors of 10426398.
2, 3, 1737733
What are the prime factors of 64265617?
13, 4943509
List the prime factors of 7600825.
5, 304033
What are the prime factors of 526186343?
31, 16973753
List the prime factors of 6984741603.
3, 7, 193, 246193
List the prime factors of 207914579.
207914579
List the prime factors of 3362983232.
2, 7, 79, 95021
What are the prime factors of 524474561?
13, 283, 142559
What are the prime factors of 30676855?
5, 11, 557761
List the prime factors of 240094266.
2, 3, 83, 482117
List the prime factors of 218379054.
2, 3, 113, 322093
List the prime factors of 501919801.
501919801
List the prime factors of 1060839986.
2, 41, 2063, 6271
What are the prime factors of 3522786104?
2, 17, 1471, 17609
List the prime factors of 201121557.
3, 7, 13, 443, 1663
List the prime factors of 1994471540.
2, 5, 99723577
What are the prime factors of 3478579676?
2, 11, 13, 223, 27271
List the prime factors of 6704210008.
2, 6163, 135977
What are the prime factors of 1344963035?
5, 13, 181, 114319
List the prime factors of 479359394.
2, 239679697
List the prime factors of 585980181.
3, 4673, 13933
What are the prime factors of 188578789?
7, 26939827
What are the prime factors of 1545248401?
61, 2003, 12647
What are the prime factors of 51876956?
2, 151, 85889
List the prime factors of 94687662.
2, 3, 37, 79, 5399
What are the prime factors of 9064965?
3, 5, 7, 13, 29, 229
List the prime factors of 819745849.
13, 63057373
What are the prime factors of 74812004?
2, 131, 142771
What are the prime factors of 928361583?
3, 103151287
List the prime factors of 31630607.
31630607
List the prime factors of 2436384767.
17, 31, 131, 35291
List the prime factors of 15984393.
3, 271, 19661
What are the prime factors of 344312362?
2, 241, 714341
List the prime factors of 594923228.
2, 17, 677, 12923
List the prime factors of 133202053.
107, 1244879
List the prime factors of 2749115187.
3, 7, 13, 19, 58889
List the prime factors of 207979351.
103, 2019217
List the prime factors of 86270917.
86270917
List the prime factors of 1404088210.
2, 5, 7, 37, 542119
What are the prime factors of 14434045?
5, 2886809
What are the prime factors